{"id":4976,"date":"2021-01-06T19:04:13","date_gmt":"2021-01-06T19:04:13","guid":{"rendered":"https:\/\/utrivieramaya.edu.mx\/?page_id=4976"},"modified":"2024-05-24T19:48:53","modified_gmt":"2024-05-24T19:48:53","slug":"tecnico-superior-universitario-en-espanol","status":"publish","type":"page","link":"https:\/\/oldsite.utrivieramaya.edu.mx\/index.php\/tecnico-superior-universitario-en-espanol\/","title":{"rendered":"T\u00e9cnico Superior Universitario en Espa\u00f1ol"},"content":{"rendered":"\t\t<div data-elementor-type=\"wp-page\" data-elementor-id=\"4976\" class=\"elementor elementor-4976\" data-elementor-post-type=\"page\">\n\t\t\t\t\t\t<section class=\"elementor-section elementor-top-section elementor-element elementor-element-371fce23 elementor-section-content-middle elementor-section-boxed elementor-section-height-default elementor-section-height-default\" data-id=\"371fce23\" data-element_type=\"section\" data-settings=\"{&quot;background_background&quot;:&quot;classic&quot;}\">\n\t\t\t\t\t\t\t<div class=\"elementor-background-overlay\"><\/div>\n\t\t\t\t\t\t\t<div class=\"elementor-container elementor-column-gap-default\">\n\t\t\t\t\t<div class=\"elementor-column elementor-col-50 elementor-top-column elementor-element elementor-element-2c77fd33\" data-id=\"2c77fd33\" data-element_type=\"column\" data-settings=\"{&quot;background_background&quot;:&quot;classic&quot;}\">\n\t\t\t<div class=\"elementor-widget-wrap elementor-element-populated\">\n\t\t\t\t\t\t<div class=\"elementor-element elementor-element-10bc14fc elementor-widget elementor-widget-heading\" data-id=\"10bc14fc\" data-element_type=\"widget\" data-widget_type=\"heading.default\">\n\t\t\t\t<div class=\"elementor-widget-container\">\n\t\t\t<h3 class=\"elementor-heading-title elementor-size-default\">T\u00e9cnico Superior<\/h3>\t\t<\/div>\n\t\t\t\t<\/div>\n\t\t\t\t<div class=\"elementor-element elementor-element-8e64d5c elementor-widget elementor-widget-heading\" data-id=\"8e64d5c\" data-element_type=\"widget\" data-widget_type=\"heading.default\">\n\t\t\t\t<div class=\"elementor-widget-container\">\n\t\t\t<h3 class=\"elementor-heading-title elementor-size-default\">Universitario en  Idioma Espa\u00f1ol<\/h3>\t\t<\/div>\n\t\t\t\t<\/div>\n\t\t\t\t<div class=\"elementor-element elementor-element-57ccd4e elementor-invisible elementor-widget elementor-widget-heading\" data-id=\"57ccd4e\" data-element_type=\"widget\" data-settings=\"{&quot;_animation&quot;:&quot;fadeInUp&quot;,&quot;_animation_delay&quot;:900}\" data-widget_type=\"heading.default\">\n\t\t\t\t<div class=\"elementor-widget-container\">\n\t\t\t<h3 class=\"elementor-heading-title elementor-size-default\">El alumno cursar\u00e1 los Cuatrimestres del 1 al 6 y obtendr\u00e1 una titulaci\u00f3n intermedia de TSU.<\/h3>\t\t<\/div>\n\t\t\t\t<\/div>\n\t\t\t\t\t<\/div>\n\t\t<\/div>\n\t\t\t\t<div class=\"elementor-column elementor-col-50 elementor-top-column elementor-element elementor-element-70fffdb0\" data-id=\"70fffdb0\" data-element_type=\"column\" data-settings=\"{&quot;background_background&quot;:&quot;classic&quot;}\">\n\t\t\t<div class=\"elementor-widget-wrap elementor-element-populated\">\n\t\t\t\t\t\t<div class=\"elementor-element elementor-element-161e0755 elementor-widget elementor-widget-image\" data-id=\"161e0755\" data-element_type=\"widget\" data-widget_type=\"image.default\">\n\t\t\t\t<div class=\"elementor-widget-container\">\n\t\t\t\t\t\t\t\t\t\t\t\t\t<img decoding=\"async\" src=\"https:\/\/oldsite.utrivieramaya.edu.mx\/wp-content\/uploads\/elementor\/thumbs\/portrait-of-a-happy-student-working-on-laptop-outdoors-p75wfmqdx1gdp9n6ly714pv3rgn6xv3n2k54jyojok.jpg\" alt=\"Portrait of a happy student working on laptop outdoors\" \/>\t\t\t\t\t\t\t\t\t\t\t\t\t<\/div>\n\t\t\t\t<\/div>\n\t\t\t\t\t<\/div>\n\t\t<\/div>\n\t\t\t\t\t<\/div>\n\t\t<\/section>\n\t\t\t\t<section class=\"elementor-section elementor-top-section elementor-element elementor-element-491e0f3d elementor-section-boxed elementor-section-height-default elementor-section-height-default\" data-id=\"491e0f3d\" data-element_type=\"section\" data-settings=\"{&quot;background_background&quot;:&quot;classic&quot;}\">\n\t\t\t\t\t\t\t<div class=\"elementor-background-overlay\"><\/div>\n\t\t\t\t\t\t\t<div class=\"elementor-container elementor-column-gap-default\">\n\t\t\t\t\t<div class=\"elementor-column elementor-col-50 elementor-top-column elementor-element elementor-element-56660ff1\" data-id=\"56660ff1\" data-element_type=\"column\">\n\t\t\t<div class=\"elementor-widget-wrap\">\n\t\t\t\t\t\t\t<\/div>\n\t\t<\/div>\n\t\t\t\t<div class=\"elementor-column elementor-col-50 elementor-top-column elementor-element elementor-element-146f17bd elementor-hidden-phone\" data-id=\"146f17bd\" data-element_type=\"column\">\n\t\t\t<div class=\"elementor-widget-wrap\">\n\t\t\t\t\t\t\t<\/div>\n\t\t<\/div>\n\t\t\t\t\t<\/div>\n\t\t<\/section>\n\t\t\t\t<section class=\"elementor-section elementor-top-section elementor-element elementor-element-1687f663 elementor-section-boxed elementor-section-height-default elementor-section-height-default\" data-id=\"1687f663\" data-element_type=\"section\" data-settings=\"{&quot;background_background&quot;:&quot;classic&quot;}\">\n\t\t\t\t\t\t\t<div class=\"elementor-background-overlay\"><\/div>\n\t\t\t\t\t\t\t<div class=\"elementor-container elementor-column-gap-default\">\n\t\t\t\t\t<div class=\"elementor-column elementor-col-100 elementor-top-column elementor-element elementor-element-5b33450c\" data-id=\"5b33450c\" data-element_type=\"column\">\n\t\t\t<div class=\"elementor-widget-wrap elementor-element-populated\">\n\t\t\t\t\t\t<section class=\"elementor-section elementor-inner-section elementor-element elementor-element-b176b04 elementor-section-boxed elementor-section-height-default elementor-section-height-default\" data-id=\"b176b04\" data-element_type=\"section\">\n\t\t\t\t\t\t<div class=\"elementor-container elementor-column-gap-default\">\n\t\t\t\t\t<div class=\"elementor-column elementor-col-25 elementor-inner-column elementor-element elementor-element-7f33a89 elementor-hidden-tablet elementor-hidden-phone\" data-id=\"7f33a89\" data-element_type=\"column\">\n\t\t\t<div class=\"elementor-widget-wrap\">\n\t\t\t\t\t\t\t<\/div>\n\t\t<\/div>\n\t\t\t\t<div class=\"elementor-column elementor-col-25 elementor-inner-column elementor-element elementor-element-3eb3ed72\" data-id=\"3eb3ed72\" data-element_type=\"column\">\n\t\t\t<div class=\"elementor-widget-wrap elementor-element-populated\">\n\t\t\t\t\t\t<div class=\"elementor-element elementor-element-667f7a54 ekit-equal-height-disable elementor-widget elementor-widget-elementskit-image-box\" data-id=\"667f7a54\" data-element_type=\"widget\" data-widget_type=\"elementskit-image-box.default\">\n\t\t\t\t<div class=\"elementor-widget-container\">\n\t\t\t<div class=\"ekit-wid-con\" >\n            <div class=\"elementskit-info-image-box ekit-image-box text-center style-modern\" >\n\n                \n                <div class=\"elementskit-box-header image-box-img-center\">\n\n                    <img fetchpriority=\"high\" decoding=\"async\" width=\"2000\" height=\"1324\" src=\"https:\/\/oldsite.utrivieramaya.edu.mx\/wp-content\/uploads\/2021\/01\/doctor-consulting-with-patient-back-problems-physical-therapy-concept.jpg\" class=\"attachment-full size-full wp-image-7353\" alt=\"Doctor consulting with patient Back problems Physical therapy concept\" srcset=\"https:\/\/oldsite.utrivieramaya.edu.mx\/wp-content\/uploads\/2021\/01\/doctor-consulting-with-patient-back-problems-physical-therapy-concept.jpg 2000w, https:\/\/oldsite.utrivieramaya.edu.mx\/wp-content\/uploads\/2021\/01\/doctor-consulting-with-patient-back-problems-physical-therapy-concept-300x199.jpg 300w, https:\/\/oldsite.utrivieramaya.edu.mx\/wp-content\/uploads\/2021\/01\/doctor-consulting-with-patient-back-problems-physical-therapy-concept-1024x678.jpg 1024w, https:\/\/oldsite.utrivieramaya.edu.mx\/wp-content\/uploads\/2021\/01\/doctor-consulting-with-patient-back-problems-physical-therapy-concept-768x508.jpg 768w, https:\/\/oldsite.utrivieramaya.edu.mx\/wp-content\/uploads\/2021\/01\/doctor-consulting-with-patient-back-problems-physical-therapy-concept-1536x1017.jpg 1536w, https:\/\/oldsite.utrivieramaya.edu.mx\/wp-content\/uploads\/2021\/01\/doctor-consulting-with-patient-back-problems-physical-therapy-concept-1568x1038.jpg 1568w, https:\/\/oldsite.utrivieramaya.edu.mx\/wp-content\/uploads\/2021\/01\/doctor-consulting-with-patient-back-problems-physical-therapy-concept-450x298.jpg 450w, https:\/\/oldsite.utrivieramaya.edu.mx\/wp-content\/uploads\/2021\/01\/doctor-consulting-with-patient-back-problems-physical-therapy-concept-750x497.jpg 750w, https:\/\/oldsite.utrivieramaya.edu.mx\/wp-content\/uploads\/2021\/01\/doctor-consulting-with-patient-back-problems-physical-therapy-concept-1140x755.jpg 1140w\" sizes=\"(max-width: 34.9rem) calc(100vw - 2rem), (max-width: 53rem) calc(8 * (100vw \/ 12)), (min-width: 53rem) calc(6 * (100vw \/ 12)), 100vw\" \/>\n                <\/div>\n                \n                <div class=\"elementskit-box-body ekit-image-box-body\">\n                    <div class=\"elementskit-box-content ekit-image-box-body-inner\">\n                                                <h3 class=\"elementskit-info-box-title\">\n\n                        Terapia F\u00edsica\n                        \n                    <\/h3>\n                                                        <\/div>\n\n                                <div class=\"elementskit-box-footer\">\n                    <div class=\"box-footer\">\n                        <div class=\"btn-wraper\">\n                                                            <a href=\"https:\/\/utrivieramaya.edu.mx\/index.php\/terapia-fisica-en-espanol\/\" class=\"elementskit-btn whitespace--normal\">\n                                    Conoce m\u00e1s \n                                    <i aria-hidden=\"true\" class=\"icon icon-right-arrow1\"><\/i>\n                                <\/a>\n                                                        <\/div>\n                    <\/div>\n                <\/div>\n                            <\/div>\n            <\/div>\n    <\/div>\t\t<\/div>\n\t\t\t\t<\/div>\n\t\t\t\t\t<\/div>\n\t\t<\/div>\n\t\t\t\t<div class=\"elementor-column elementor-col-25 elementor-inner-column elementor-element elementor-element-e3a5d1b\" data-id=\"e3a5d1b\" data-element_type=\"column\">\n\t\t\t<div class=\"elementor-widget-wrap elementor-element-populated\">\n\t\t\t\t\t\t<div class=\"elementor-element elementor-element-dee2f30 ekit-equal-height-disable elementor-widget elementor-widget-elementskit-image-box\" data-id=\"dee2f30\" data-element_type=\"widget\" data-widget_type=\"elementskit-image-box.default\">\n\t\t\t\t<div class=\"elementor-widget-container\">\n\t\t\t<div class=\"ekit-wid-con\" >\n            <div class=\"elementskit-info-image-box ekit-image-box text-center style-modern\" >\n\n                \n                <div class=\"elementskit-box-header image-box-img-center\">\n\n                    <img decoding=\"async\" width=\"2000\" height=\"1333\" src=\"https:\/\/oldsite.utrivieramaya.edu.mx\/wp-content\/uploads\/2021\/01\/woman-checking-brokerage-account.jpg\" class=\"attachment-full size-full wp-image-10392\" alt=\"Woman checking brokerage account\" srcset=\"https:\/\/oldsite.utrivieramaya.edu.mx\/wp-content\/uploads\/2021\/01\/woman-checking-brokerage-account.jpg 2000w, https:\/\/oldsite.utrivieramaya.edu.mx\/wp-content\/uploads\/2021\/01\/woman-checking-brokerage-account-300x200.jpg 300w, https:\/\/oldsite.utrivieramaya.edu.mx\/wp-content\/uploads\/2021\/01\/woman-checking-brokerage-account-1024x682.jpg 1024w, https:\/\/oldsite.utrivieramaya.edu.mx\/wp-content\/uploads\/2021\/01\/woman-checking-brokerage-account-768x512.jpg 768w, https:\/\/oldsite.utrivieramaya.edu.mx\/wp-content\/uploads\/2021\/01\/woman-checking-brokerage-account-1536x1024.jpg 1536w, https:\/\/oldsite.utrivieramaya.edu.mx\/wp-content\/uploads\/2021\/01\/woman-checking-brokerage-account-1568x1045.jpg 1568w, https:\/\/oldsite.utrivieramaya.edu.mx\/wp-content\/uploads\/2021\/01\/woman-checking-brokerage-account-750x500.jpg 750w, https:\/\/oldsite.utrivieramaya.edu.mx\/wp-content\/uploads\/2021\/01\/woman-checking-brokerage-account-1140x760.jpg 1140w\" sizes=\"(max-width: 34.9rem) calc(100vw - 2rem), (max-width: 53rem) calc(8 * (100vw \/ 12)), (min-width: 53rem) calc(6 * (100vw \/ 12)), 100vw\" \/>\n                <\/div>\n                \n                <div class=\"elementskit-box-body ekit-image-box-body\">\n                    <div class=\"elementskit-box-content ekit-image-box-body-inner\">\n                                                <h3 class=\"elementskit-info-box-title\">\n\n                        Contadur\u00eda \n                        \n                    <\/h3>\n                                                        <\/div>\n\n                                <div class=\"elementskit-box-footer\">\n                    <div class=\"box-footer\">\n                        <div class=\"btn-wraper\">\n                                                            <a href=\"https:\/\/utrivieramaya.edu.mx\/index.php\/tsu-contaduria\/\" class=\"elementskit-btn whitespace--normal\">\n                                    Conoce m\u00e1s \n                                    <i aria-hidden=\"true\" class=\"icon icon-right-arrow1\"><\/i>\n                                <\/a>\n                                                        <\/div>\n                    <\/div>\n                <\/div>\n                            <\/div>\n            <\/div>\n    <\/div>\t\t<\/div>\n\t\t\t\t<\/div>\n\t\t\t\t\t<\/div>\n\t\t<\/div>\n\t\t\t\t<div class=\"elementor-column elementor-col-25 elementor-inner-column elementor-element elementor-element-4216a4c9\" data-id=\"4216a4c9\" data-element_type=\"column\">\n\t\t\t<div class=\"elementor-widget-wrap\">\n\t\t\t\t\t\t\t<\/div>\n\t\t<\/div>\n\t\t\t\t\t<\/div>\n\t\t<\/section>\n\t\t\t\t\t<\/div>\n\t\t<\/div>\n\t\t\t\t\t<\/div>\n\t\t<\/section>\n\t\t\t\t<\/div>\n\t\t","protected":false},"excerpt":{"rendered":"<p>T\u00e9cnico Superior Universitario en Idioma Espa\u00f1ol El alumno cursar\u00e1 los Cuatrimestres del 1 al 6 y obtendr\u00e1 una titulaci\u00f3n intermedia de TSU. Terapia F\u00edsica Conoce m\u00e1s Contadur\u00eda Conoce m\u00e1s Por el momento no se pueden descargar los planes de estudio, esto debido a que la Direcci\u00f3n General de Universidades Tecnol\u00f3gicas y Polit\u00e9cnicas est\u00e1 realizando la &hellip; <\/p>\n<p class=\"link-more\"><a href=\"https:\/\/oldsite.utrivieramaya.edu.mx\/index.php\/tecnico-superior-universitario-en-espanol\/\" class=\"more-link\">Seguir leyendo<span class=\"screen-reader-text\"> \u00abT\u00e9cnico Superior Universitario en Espa\u00f1ol\u00bb<\/span><\/a><\/p>\n","protected":false},"author":8,"featured_media":0,"parent":0,"menu_order":0,"comment_status":"closed","ping_status":"closed","template":"elementor_header_footer","meta":{"_eb_attr":"","footnotes":""},"campus":[],"class_list":["post-4976","page","type-page","status-publish","hentry","entry"],"_links":{"self":[{"href":"https:\/\/oldsite.utrivieramaya.edu.mx\/index.php\/wp-json\/wp\/v2\/pages\/4976","targetHints":{"allow":["GET"]}}],"collection":[{"href":"https:\/\/oldsite.utrivieramaya.edu.mx\/index.php\/wp-json\/wp\/v2\/pages"}],"about":[{"href":"https:\/\/oldsite.utrivieramaya.edu.mx\/index.php\/wp-json\/wp\/v2\/types\/page"}],"author":[{"embeddable":true,"href":"https:\/\/oldsite.utrivieramaya.edu.mx\/index.php\/wp-json\/wp\/v2\/users\/8"}],"replies":[{"embeddable":true,"href":"https:\/\/oldsite.utrivieramaya.edu.mx\/index.php\/wp-json\/wp\/v2\/comments?post=4976"}],"version-history":[{"count":87,"href":"https:\/\/oldsite.utrivieramaya.edu.mx\/index.php\/wp-json\/wp\/v2\/pages\/4976\/revisions"}],"predecessor-version":[{"id":20849,"href":"https:\/\/oldsite.utrivieramaya.edu.mx\/index.php\/wp-json\/wp\/v2\/pages\/4976\/revisions\/20849"}],"wp:attachment":[{"href":"https:\/\/oldsite.utrivieramaya.edu.mx\/index.php\/wp-json\/wp\/v2\/media?parent=4976"}],"wp:term":[{"taxonomy":"campus","embeddable":true,"href":"https:\/\/oldsite.utrivieramaya.edu.mx\/index.php\/wp-json\/wp\/v2\/campus?post=4976"}],"curies":[{"name":"wp","href":"https:\/\/api.w.org\/{rel}","templated":true}]}}